uppose 0 = f - 3*f - 4. Let n(s) = -10*s + 1. Suppose y - 29 = 2*v, -3*y + v = -3*v - 97. Calculate the remainder when y is divided by n(f).
18
Let u(k) = 5*k. Let d be u(-1). Let b = -3 - d. Suppose -b*g = -g - 5. What is the remainder when 8 is divided by g?
3
Let q(x) be the second derivative of -x**3/2 - 25*x**2/2 - 3*x. Calculate the remainder when 45 is divided by q(-11).
5
Let v = -99 - -172. What is the remainder when v is divided by (-1)/11 - (-664)/44?
13
Suppose u = 25 - 35. Let c = -4 - u. Suppose m = c + 12. Calculate the remainder when m is divided by 8.
2
Let m(z) = z**3 + 42*z**2 + 78*z + 65. Calculate the remainder when m(-40) is divided by 39.
28
Suppose 30*a - 677 = 25*a - x, -4*a + x = -538. What is the remainder when a is divided by -2*-2*(-23)/(-2)?
43
Let t(b) = 3*b + 15 + 4*b + 3*b**2 - 2*b + 5*b. Let n be t(-6). Let c = n + -31. What is the remainder when c is divided by 18?
14
Let k be 4/14 - 4770/35. Let i = -72 - k. Let c = 116 - i. What is the remainder when c is divided by 14?
10
Suppose 2*d - 80 = 5*g - 0*d, -2*d = 10. Calculate the remainder when 10 is divided by 54/4*6*(-2)/g.
1
Let p = -34 - -12. What is the remainder when (297/p)/((-3)/4) is divided by 5?
3
Let t = 25 - -21. Let c(r) = -r**3 + 12*r**2 + 12*r + 4. Let k be c(13). Calculate the remainder when t is divided by 3 + (4 - (4 + k)).
10
Suppose -97*f = -359 - 1096. What is the remainder when 472 is divided by f?
7
Let d = 8 - -8. Suppose 13 = j + 8*i - 5*i, 0 = i - 1. Calculate the remainder when d is divided by j.
6
Let v(h) = 50*h - 2. Let t be v(2). Let u = t + -40. Calculate the remainder when u is divided by 32.
26
Let l(z) = z**2 + 2*z - 1. Let x be l(-2). What is the remainder when 54 is divided by (5 - -5) + -4 - 2/x?
6
Let k = -43 - -63. Suppose -3*g - 73 = k. Let q = -1 - g. Calculate the remainder when q is divided by 8.
6
Suppose -4 = 5*b - 14. Let r = -15 - -45. Calculate the remainder when b/8 - (-1420)/16 is divided by r.
29
Suppose 3*d - 22 = 11. What is the remainder when 18 is divided by d?
7
Let w = -1242 - -1317. What is the remainder when w is divided by 12?
3
Let z(v) = 7 + 0*v - v + 3*v**2 - 8. Let l = -81 + 117. Calculate the remainder when l is divided by z(-2).
10
What is the remainder when 50 is divided by (3/6)/(((-2)/108)/(-1))?
23
Suppose 337 = 7*d + 120. Let r(o) = o**2 + 59. Calculate the remainder when r(0) is divided by d.
28
Let y(x) = -4*x + 33. Calculate the remainder when y(-14) is divided by 10.
9
Let z(p) be the third derivative of -p**6/60 + p**5/60 - p**3/6 + p**2. Let h be z(2). Let r = h + 24. Calculate the remainder when r is divided by 7.
4
Let j = 47 + -30. Suppose -2*g - 4*b = -4*g - 18, -b - 100 = 5*g. Let n = g + 28. What is the remainder when j is divided by n?
8
Suppose -3*h + 4*q + 304 = 0, 5*h = 4*q - 0*q + 520. What is the remainder when h is divided by 71?
37
Let c = 24 - -7. Calculate the remainder when 90 is divided by c.
28
What is the remainder when (18/(-15))/(1 - (-198)/(-195)) is divided by 5?
3
Let m = 2 - 13. Let d be (-4886)/m + (-32)/176. Calculate the remainder when 49 is divided by (-3)/(-9) + d/18.
24
Suppose 0 = -2*m + m + 3*h + 12, -15 = -4*m + h. Let i(d) = -4*d**3 - 5*d**2 - 2*d + 16 - 12 + 2*d**m. Calculate the remainder when i(-3) is divided by 5.
4
Let z(k) = k**2 + 25*k + 7 + k**2 - 15*k. Calculate the remainder when 93 is divided by z(-6).
17
Let j(h) = -h - 3. Let b be j(-11). What is the remainder when 135 is divided by 12/b*368/12?
43
Let m = 464 - 442. What is the remainder when m is divided by (1/5 - 1)*-5?
2
Suppose -3 = -4*c + 5. Let k(q) = q**2 + 11*q - 19. What is the remainder when k(2) is divided by c?
1
Let z = -56 + 89. Let g = -4501 - -4519. Calculate the remainder when z is divided by g.
15
Suppose 2 = -2*y, 17*y - 16*y = -2*i + 125. What is the remainder when i is divided by 8?
7
Let i be 18/5*(31 + -1)/6. What is the remainder when 57 is divided by (20/(-6))/(i/(-81))?
12
Let j be 78/21 + 10/35. Suppose 2*f = j*b - 36, 4*b - 3*f = -0*b + 40. What is the remainder when b is divided by 3?
1
Suppose 11*t - 7*t - 24 = 0. Suppose -j = -t - 39. What is the remainder when 87 is divided by j?
42
Suppose -l + 34 = -a, -97 = -3*l + 5*a - 7*a. What is the remainder when 195 is divided by l?
30
Let r = -2201 - -4607. Calculate the remainder when r is divided by 8.
6
Let w = -265 + 612. What is the remainder when w is divided by 58?
57
Let a = 525 - 523. Let n(b) = 4*b**3. Let v be n(1). Suppose d - 39 = -r, -2*d - a*d - v = 0. Calculate the remainder when 159 is divided by r.
39
Let r(x) = x**2 - 4*x - 3. Let l = -30 + 27. Calculate the remainder when 32 is divided by r(l).
14
Let a(z) = 32 + z - 31*z**2 - 2*z + 30*z**2. Calculate the remainder when 38 is divided by a(-5).
2
Let v = -19 - 37. Let w be (v/(-6))/(3/9). Suppose 5*s - 42 = -2*k, -3*s - w = -4*k + s. What is the remainder when 30 is divided by k?
8
Let m(w) = w**3 - 8*w**2 + 5*w - 9. Let q = -51 + 21. Let v = 38 + q. Calculate the remainder when m(8) is divided by v.
7
Let f = 64 - 18. Suppose -10*l + 5*l = -15. Suppose 58 = l*g + 10. Calculate the remainder when f is divided by g.
14
Let h = -693 - -697. What is the remainder when 31 is divided by h?
3
Let a be 2*2 + (-2)/1. Suppose -2*j - a*j = -160. Let o = 314 + -293. Calculate the remainder when j is divided by o.
19
Suppose -4*u - 14 = -122. Suppose -8*j + 51 + 117 = 0. Calculate the remainder when u is divided by j.
6
Suppose -5*a + 6 = -14, 46 = 2*r - 3*a. What is the remainder when 54 is divided by r?
25
Suppose 5*u = 3*u. Suppose u = -0*l - 4*l. Suppose -111 = -l*w - 3*w. Calculate the remainder when w is divided by 20.
17
Suppose 4*l + p = 919, 11*p = 2*l + 6*p - 465. What is the remainder when l is divided by 58?
56
Let g be 1/((18/44)/9). Let c(h) = -h**3 + 4*h**2 - 7*h + 10. Let m be c(4). Let k = g + m. What is the remainder when 13 is divided by k?
1
Suppose -2*a - 10 = -52. Suppose 54 = -a*x + 22*x. What is the remainder when x is divided by 14?
12
Let w(x) = 5*x**2 + 51*x - 28. What is the remainder when 378 is divided by w(-11)?
10
Let z be (-4)/6 + 3938/66. Let b = z + -25. What is the remainder when b is divided by 12?
10
Suppose 2*d - 86 = -f, 4*f = -0*f + 3*d + 399. Let y = 83 - 49. Calculate the remainder when f is divided by y.
28
Let f(v) = -61*v - 176. Calculate the remainder when 21 is divided by f(-3).
0
Let w(n) = 11*n - 27. Suppose 8*a - 5*a - 126 = 0. Suppose -3*z = -6*z + a. What is the remainder when w(6) is divided by z?
11
Let s = -167 - -742. What is the remainder when s is divided by 36?
35
Let t = 59 + -54. What is the remainder when 16 is divided by t?
1
Suppose 4*z - 13*y = -11*y + 494, -259 = -2*z + 5*y. What is the remainder when z is divided by 70?
52
Let c = 80 + -44. Suppose c = -4*v + 84. Calculate the remainder when 19 is divided by v.
7
Suppose 3*b = -3*f + 66, 0 = -0*b + 3*b - 12. What is the remainder when 66 is divided by f?
12
Suppose y - 3*v - 34 = 0, -v + 24 = 2*y + 4*v. What is the remainder when y is divided by 4?
2
Let t(y) = 2*y - 11. Let n(d) = -1. Let z(l) = -4*n(l) + 2*t(l). What is the remainder when 48 is divided by z(7)?
8
Let m(s) = -s**3 - 3*s**2 - 4*s. Let c(j) = 33*j**2 - j + 1. Let u be c(1). Suppose u = v - 0. Calculate the remainder when v is divided by m(-3).
9
Let t(m) = -m**3 + 21*m**2 - 17*m - 15. Let k be -2*(0 - (11 + -1)). Calculate the remainder when t(k) is divided by 16.
13
Suppose -18 = -3*j + 18. Let n(y) = -y - 7. Let l be n(-3). Calculate the remainder when j is divided by 135/18*l/(-6).
2
Let o(z) be the first derivative of 17*z**3/3 + z**2/2 - 2*z + 7. What is the remainder when o(3) is divided by 26?
24
Let c(q) = -5*q**2 + 20*q - 3. Let o(y) = -2*y**2 + 7*y - 1. Let m(n) = 3*c(n) - 8*o(n). Calculate the remainder when 7 is divided by m(-5).
3
Let r = 391 - 344. Calculate the remainder when r is divided by 16 + ((-3)/(-3) - 1).
15
Suppose 0 = v + 51*v - 1196. What is the remainder when 179 is divided by v?
18
Let u(m) = 11*m - 401. Let g(r) = r**3 + 7*r**2 - 9*r + 5. What is the remainder when u(48) is divided by g(-8)?
10
Let g(j) = 42*j**2 + 2*j - 2. Let z be g(1). Let b = -21 + z. What is the remainder when b is divided by 4 - 3/(6/(-4))?
3
Let q = 48 + -50. Wha